{"id":206,"date":"2020-08-19T13:42:10","date_gmt":"2020-08-19T13:42:10","guid":{"rendered":"http:\/\/ambinatura.com\/site\/?page_id=206"},"modified":"2020-08-19T13:50:01","modified_gmt":"2020-08-19T13:50:01","slug":"penergetic-no-milho","status":"publish","type":"page","link":"https:\/\/ambinatura.com\/site\/penergetic-no-milho\/","title":{"rendered":"Penergetic no Milho"},"content":{"rendered":"\n<p>A tecnologia Penergetic apoia-se em ci\u00eancias como a F\u00edsica, a Biologia, a Biof\u00edsica e a Qu\u00edmica. Um fertilizante que proporciona grandes colheitas n\u00e3o \u00e9 necessariamente bom, para a microbiologia do solo, para as plantas ou as \u00e1guas. Com Penergetic isso n\u00e3o acontece e al\u00e9m de se reduzir a utiliza\u00e7\u00e3o de fertilizantes, consegue-se maior produ\u00e7\u00e3o sem compro meter as reservas h\u00eddricas.<\/p>\n","protected":false},"excerpt":{"rendered":"<p>A tecnologia Penergetic apoia-se em ci\u00eancias como a F\u00edsica, a Biologia, a Biof\u00edsica e a Qu\u00edmica. Um fertilizante que proporciona grandes colheitas n\u00e3o \u00e9 necessariamente bom, para a microbiologia do solo, para as plantas ou as \u00e1guas. Com Penergetic isso n\u00e3o acontece e al\u00e9m de se reduzir a utiliza\u00e7\u00e3o de fertilizantes, consegue-se maior produ\u00e7\u00e3o sem [&hellip;]<\/p>\n","protected":false},"author":2,"featured_media":207,"parent":0,"menu_order":0,"comment_status":"closed","ping_status":"closed","template":"","meta":{"_exactmetrics_skip_tracking":false,"_exactmetrics_sitenote_active":false,"_exactmetrics_sitenote_note":"","_exactmetrics_sitenote_category":0,"footnotes":""},"class_list":["post-206","page","type-page","status-publish","has-post-thumbnail","hentry","post"],"_links":{"self":[{"href":"https:\/\/ambinatura.com\/site\/wp-json\/wp\/v2\/pages\/206","targetHints":{"allow":["GET"]}}],"collection":[{"href":"https:\/\/ambinatura.com\/site\/wp-json\/wp\/v2\/pages"}],"about":[{"href":"https:\/\/ambinatura.com\/site\/wp-json\/wp\/v2\/types\/page"}],"author":[{"embeddable":true,"href":"https:\/\/ambinatura.com\/site\/wp-json\/wp\/v2\/users\/2"}],"replies":[{"embeddable":true,"href":"https:\/\/ambinatura.com\/site\/wp-json\/wp\/v2\/comments?post=206"}],"version-history":[{"count":2,"href":"https:\/\/ambinatura.com\/site\/wp-json\/wp\/v2\/pages\/206\/revisions"}],"predecessor-version":[{"id":210,"href":"https:\/\/ambinatura.com\/site\/wp-json\/wp\/v2\/pages\/206\/revisions\/210"}],"wp:featuredmedia":[{"embeddable":true,"href":"https:\/\/ambinatura.com\/site\/wp-json\/wp\/v2\/media\/207"}],"wp:attachment":[{"href":"https:\/\/ambinatura.com\/site\/wp-json\/wp\/v2\/media?parent=206"}],"curies":[{"name":"wp","href":"https:\/\/api.w.org\/{rel}","templated":true}]}}