{"id":35,"date":"2016-09-17T13:00:29","date_gmt":"2016-09-17T13:00:29","guid":{"rendered":"http:\/\/baseline.packs.siteorigin.com\/?page_id=35"},"modified":"2021-12-20T14:26:37","modified_gmt":"2021-12-20T14:26:37","slug":"sobre-nos","status":"publish","type":"page","link":"https:\/\/ambinatura.com\/site\/sobre-nos\/","title":{"rendered":"Sobre N\u00f3s"},"content":{"rendered":"<div id=\"pl-35\"  class=\"panel-layout\" ><div id=\"pg-35-0\"  class=\"panel-grid panel-has-style\" ><div class=\"siteorigin-panels-stretch panel-row-style panel-row-style-for-35-0\" data-stretch-type=\"full-stretched\" ><div id=\"pgc-35-0-0\"  class=\"panel-grid-cell\" ><div id=\"panel-35-0-0-0\" class=\"so-panel widget widget_sow-layout-slider panel-first-child panel-last-child\" data-index=\"0\" ><div\n\t\t\t\n\t\t\tclass=\"so-widget-sow-layout-slider so-widget-sow-layout-slider-default-0681fa35c896-35\"\n\t\t\t\n\t\t>\t\t\t\t<div class=\"sow-slider-base\" style=\"display: none\" tabindex=\"0\">\n\t\t\t\t\t<ul\n\t\t\t\t\tclass=\"sow-slider-images\"\n\t\t\t\t\tdata-settings=\"{&quot;pagination&quot;:true,&quot;speed&quot;:800,&quot;timeout&quot;:8000,&quot;paused&quot;:false,&quot;pause_on_hover&quot;:false,&quot;swipe&quot;:true,&quot;nav_always_show_desktop&quot;:&quot;&quot;,&quot;nav_always_show_mobile&quot;:&quot;&quot;,&quot;breakpoint&quot;:&quot;780px&quot;,&quot;unmute&quot;:false,&quot;anchor&quot;:null}\"\n\t\t\t\t\t\t\t\t\t\tdata-anchor-id=\"\"\n\t\t\t\t>\t\t<li class=\"sow-slider-image  sow-slider-image-cover\" style=\"visibility: visible;;background-color: #adadad\" >\n\t\t\t\t\t<div class=\"sow-slider-image-container\">\n\t\t\t<div class=\"sow-slider-image-wrapper\">\n\t\t\t\t<div id=\"pl-wfd86715b\"  class=\"panel-layout\" ><div id=\"pg-wfd86715b-0\"  class=\"panel-grid panel-no-style\" ><div id=\"pgc-wfd86715b-0-0\"  class=\"panel-grid-cell panel-grid-cell-empty\" ><\/div><div id=\"pgc-wfd86715b-0-1\"  class=\"panel-grid-cell\" ><div id=\"panel-wfd86715b-0-1-0\" class=\"so-panel widget widget_sow-editor panel-first-child panel-last-child\" data-index=\"0\" ><div\n\t\t\t\n\t\t\tclass=\"so-widget-sow-editor so-widget-sow-editor-base\"\n\t\t\t\n\t\t>\n<div class=\"siteorigin-widget-tinymce textwidget\">\n\t<h1>CONSERVA\u00c7\u00c3O E MANUTEN\u00c7\u00c3O DO AMBIENTE<\/h1>\n<p>Dotada com sistema de Gest\u00e3o da Qualidade ISO 9001:2015<\/p>\n<\/div>\n<\/div><\/div><\/div><div id=\"pgc-wfd86715b-0-2\"  class=\"panel-grid-cell\" ><div id=\"panel-wfd86715b-0-2-0\" class=\"so-panel widget widget_sow-image panel-first-child panel-last-child\" data-index=\"1\" ><div\n\t\t\t\n\t\t\tclass=\"so-widget-sow-image so-widget-sow-image-default-c67d20f9f743-35\"\n\t\t\t\n\t\t>\n<div class=\"sow-image-container\">\n\t\t<img \n\tsrc=\"https:\/\/ambinatura.com\/site\/wp-content\/uploads\/2016\/09\/logo_ambinatura_big.png\" width=\"250\" height=\"159\" sizes=\"(max-width: 250px) 100vw, 250px\" alt=\"\" \t\tclass=\"so-widget-image\"\/>\n\t<\/div>\n\n<\/div><\/div><\/div><\/div><\/div>\t\t\t<\/div>\n\t\t<\/div>\n\t\t<div class=\"sow-slider-image-overlay sow-slider-image-cover\" style=\"opacity: 0.4;background-image: url(https:\/\/ambinatura.com\/site\/wp-content\/uploads\/2016\/09\/creamy-935155_1280.jpg)\"  ><\/div>\t\t<\/li>\n\t\t<\/ul>\t\t\t\t<ol class=\"sow-slider-pagination\">\n\t\t\t\t\t\t\t\t\t\t\t<li><a href=\"#\" data-goto=\"0\" aria-label=\"Display slide 1\"><\/a><\/li>\n\t\t\t\t\t\t\t\t\t<\/ol>\n\n\t\t\t\t<div class=\"sow-slide-nav sow-slide-nav-next\">\n\t\t\t\t\t<a href=\"#\" data-goto=\"next\" aria-label=\"Next slide\" data-action=\"next\">\n\t\t\t\t\t\t<em class=\"sow-sld-icon-thin-right\"><\/em>\n\t\t\t\t\t<\/a>\n\t\t\t\t<\/div>\n\n\t\t\t\t<div class=\"sow-slide-nav sow-slide-nav-prev\">\n\t\t\t\t\t<a href=\"#\" data-goto=\"previous\" aria-label=\"Previous slide\" data-action=\"prev\">\n\t\t\t\t\t\t<em class=\"sow-sld-icon-thin-left\"><\/em>\n\t\t\t\t\t<\/a>\n\t\t\t\t<\/div>\n\t\t\t\t<\/div><\/div><\/div><\/div><\/div><\/div><div id=\"pg-35-1\"  class=\"panel-grid panel-has-style\" ><div class=\"siteorigin-panels-stretch panel-row-style panel-row-style-for-35-1\" data-stretch-type=\"full\" ><div id=\"pgc-35-1-0\"  class=\"panel-grid-cell\" ><div id=\"panel-35-1-0-0\" class=\"so-panel widget widget_sow-editor panel-first-child panel-last-child\" data-index=\"1\" ><div\n\t\t\t\n\t\t\tclass=\"so-widget-sow-editor so-widget-sow-editor-base\"\n\t\t\t\n\t\t>\n<div class=\"siteorigin-widget-tinymce textwidget\">\n\t<p>Somos uma empresa com labora\u00e7\u00e3o no ramo do\u00a0ambiente, com experi\u00eancia de 18 anos na \u00e1rea,\u00a0estamos vocacionados essencialmente para operar\u00a0em \u00e1reas Florestais, Urbanas, Espa\u00e7os Verdes e\u00a0Praias. Dispomos de t\u00e9cnicos e m\u00e3o de obra especializada e comprometida com o\u00a0servi\u00e7o.\u00a0A empresa est\u00e1 preparada para atender clientes de pequeno, m\u00e9dio e grande porte,\u00a0oferecendo sempre uma solu\u00e7\u00e3o inteligente e econ\u00f3mica.<\/p>\n<\/div>\n<\/div><\/div><\/div><\/div><\/div><div id=\"pg-35-2\"  class=\"panel-grid panel-has-style\" ><div class=\"siteorigin-panels-stretch panel-row-style panel-row-style-for-35-2\" data-stretch-type=\"full\" ><div id=\"pgc-35-2-0\"  class=\"panel-grid-cell\" ><div id=\"panel-35-2-0-0\" class=\"so-panel widget widget_sow-headline panel-first-child panel-last-child\" data-index=\"2\" ><div\n\t\t\t\n\t\t\tclass=\"so-widget-sow-headline so-widget-sow-headline-default-0b9d1a885c73-35\"\n\t\t\t\n\t\t><div class=\"sow-headline-container \">\n\t\t\t\t\t\t\t<h1 class=\"sow-headline\">\n\t\t\t\t\t\tMISS\u00c3O\t\t\t\t\t\t<\/h1>\n\t\t\t\t\t\t<\/div>\n<\/div><\/div><\/div><div id=\"pgc-35-2-1\"  class=\"panel-grid-cell\" ><div id=\"panel-35-2-1-0\" class=\"so-panel widget widget_sow-editor panel-first-child panel-last-child\" data-index=\"3\" ><div\n\t\t\t\n\t\t\tclass=\"so-widget-sow-editor so-widget-sow-editor-base\"\n\t\t\t\n\t\t>\n<div class=\"siteorigin-widget-tinymce textwidget\">\n\t<ul>\n<li>Satisfazer o cliente, intervindo ativamente nos sectores de atividade em que laboramos;<\/li>\n<li>Contribuir para potenciar a pol\u00edtica de uma floresta limpa e segura bem como um ambiente saud\u00e1vel.<\/li>\n<\/ul>\n<\/div>\n<\/div><\/div><\/div><\/div><\/div><div id=\"pg-35-3\"  class=\"panel-grid panel-has-style\" ><div class=\"siteorigin-panels-stretch panel-row-style panel-row-style-for-35-3\" data-stretch-type=\"full\" ><div id=\"pgc-35-3-0\"  class=\"panel-grid-cell\" ><div id=\"panel-35-3-0-0\" class=\"so-panel widget widget_sow-headline panel-first-child panel-last-child\" data-index=\"4\" ><div\n\t\t\t\n\t\t\tclass=\"so-widget-sow-headline so-widget-sow-headline-default-0b9d1a885c73-35\"\n\t\t\t\n\t\t><div class=\"sow-headline-container \">\n\t\t\t\t\t\t\t<h1 class=\"sow-headline\">\n\t\t\t\t\t\tPOL\u00cdTICA\t\t\t\t\t\t<\/h1>\n\t\t\t\t\t\t<\/div>\n<\/div><\/div><\/div><div id=\"pgc-35-3-1\"  class=\"panel-grid-cell\" ><div id=\"panel-35-3-1-0\" class=\"so-panel widget widget_sow-editor panel-first-child panel-last-child\" data-index=\"5\" ><div\n\t\t\t\n\t\t\tclass=\"so-widget-sow-editor so-widget-sow-editor-base\"\n\t\t\t\n\t\t>\n<div class=\"siteorigin-widget-tinymce textwidget\">\n\t<ul>\n<li>Procurar a melhoria cont\u00ednua da qualidade;<\/li>\n<li>Minimizar e Prevenir Impactes Ambientais das nossas actividades, atrav\u00e9s da\u00a0implementa\u00e7\u00e3o de boas pr\u00e1ticas e de uma utiliza\u00e7\u00e3o racional dos recursos;\u00a0<\/li>\n<li>Cumprir integralmente os requisitos da nossa actividade e outros requisitos que\u00a0venha a subscrever;\u00a0<\/li>\n<li>Proporcionar as condi\u00e7\u00f5es necess\u00e1rias ao crescimento da nossa organiza\u00e7\u00e3o;\u00a0<\/li>\n<li>Estabelecer uma rela\u00e7\u00e3o de parceria com os nossos clientes, no sentido de cada\u00a0vez mais ir ao encontro das suas necessidades e expectativas.<\/li>\n<\/ul>\n<\/div>\n<\/div><\/div><\/div><\/div><\/div><div id=\"pg-35-4\"  class=\"panel-grid panel-has-style\" ><div class=\"panel-row-style panel-row-style-for-35-4\" ><div id=\"pgc-35-4-0\"  class=\"panel-grid-cell\" ><div id=\"panel-35-4-0-0\" class=\"so-panel widget widget_sow-editor panel-first-child panel-last-child\" data-index=\"6\" ><div\n\t\t\t\n\t\t\tclass=\"so-widget-sow-editor so-widget-sow-editor-base\"\n\t\t\t\n\t\t>\n<div class=\"siteorigin-widget-tinymce textwidget\">\n\t<p><strong>Departamento Administrativo<\/strong><br \/>Assegura o bom funcionamento administrativo da empresa, sendo respons\u00e1vel pelos v\u00e1rios\u00a0departamentos existentes. \u00c9 respons\u00e1vel pela comunica\u00e7\u00e3o interna e externa da empresa.<br \/><strong>Departamento Comercial<\/strong><br \/>No que respeita ao departamento comercial, este \u00e9 respons\u00e1vel pela cria\u00e7\u00e3o de\u00a0oportunidades de neg\u00f3cio.<br \/><strong>Departamento Operacional<\/strong><br \/>Este \u00e9 respons\u00e1vel pela elabora\u00e7\u00e3o\/execu\u00e7\u00e3o dos servi\u00e7os bem como pela apresenta\u00e7\u00e3o de\u00a0solu\u00e7\u00f5es de natureza t\u00e9cnica em qualquer \u00e1rea, assim como \u00e9 respons\u00e1vel pelas condi\u00e7\u00f5es\u00a0de trabalho e seu planeamento de execu\u00e7\u00e3o.<\/p>\n<\/div>\n<\/div><\/div><\/div><div id=\"pgc-35-4-1\"  class=\"panel-grid-cell\" ><div id=\"panel-35-4-1-0\" class=\"so-panel widget widget_black-studio-tinymce widget_black_studio_tinymce panel-first-child panel-last-child\" data-index=\"7\" ><div class=\"textwidget\"><p><a href=\"http:\/\/ambinatura.com\/site\/wp-content\/uploads\/2016\/09\/organograma.png\" rel=\"lightbox\" data-rel=\"lightbox-gallery-m4VUOb2T\" data-rl_title=\"\" data-rl_caption=\"\" title=\"\"><img loading=\"lazy\" decoding=\"async\" class=\"aligncenter wp-image-134 size-medium\" src=\"http:\/\/ambinatura.com\/site\/wp-content\/uploads\/2016\/09\/organograma-300x205.png\" width=\"300\" height=\"205\" srcset=\"https:\/\/ambinatura.com\/site\/wp-content\/uploads\/2016\/09\/organograma-300x205.png 300w, https:\/\/ambinatura.com\/site\/wp-content\/uploads\/2016\/09\/organograma-650x443.png 650w, https:\/\/ambinatura.com\/site\/wp-content\/uploads\/2016\/09\/organograma.png 685w\" sizes=\"auto, (max-width: 300px) 100vw, 300px\" \/><\/a><\/p>\n<\/div><\/div><\/div><\/div><\/div><div id=\"pg-35-5\"  class=\"panel-grid panel-has-style\" ><div class=\"siteorigin-panels-stretch panel-row-style panel-row-style-for-35-5\" data-stretch-type=\"full\" ><div id=\"pgc-35-5-0\"  class=\"panel-grid-cell\" ><div id=\"panel-35-5-0-0\" class=\"so-panel widget widget_sow-headline panel-first-child panel-last-child\" data-index=\"8\" ><div\n\t\t\t\n\t\t\tclass=\"so-widget-sow-headline so-widget-sow-headline-default-365568690fd5-35 so-widget-fittext-wrapper\"\n\t\t\t data-fit-text-compressor=\"0.85\"\n\t\t><div class=\"sow-headline-container \">\n\t\t\t\t\t\t\t<h3 class=\"sow-headline\">\n\t\t\t\t\t\t... Estamos \u00e0 disposi\u00e7\u00e3o e aguardamos o seu contacto\t\t\t\t\t\t<\/h3>\n\t\t\t\t\t\t<\/div>\n<\/div><\/div><\/div><div id=\"pgc-35-5-1\"  class=\"panel-grid-cell\" ><div id=\"panel-35-5-1-0\" class=\"so-panel widget widget_sow-button panel-first-child panel-last-child\" data-index=\"9\" ><div\n\t\t\t\n\t\t\tclass=\"so-widget-sow-button so-widget-sow-button-flat-a8301501f0c2-35\"\n\t\t\t\n\t\t><div class=\"ow-button-base ow-button-align-center\"\n>\n\t\t\t<a\n\t\t\t\t\thref=\"mailto:geral@ambinatura.com\"\n\t\t\t\t\tclass=\"sowb-button ow-icon-placement-left ow-button-hover\" target=\"_blank\" rel=\"noopener noreferrer\" \t>\n\t\t<span>\n\t\t\t\n\t\t\tContacte-nos!\t\t<\/span>\n\t\t\t<\/a>\n\t<\/div>\n<\/div><\/div><\/div><\/div><\/div><\/div>","protected":false},"excerpt":{"rendered":"<p>Somos uma empresa com labora\u00e7\u00e3o no ramo do\u00a0ambiente, com experi\u00eancia de 18 anos na \u00e1rea,\u00a0estamos vocacionados essencialmente para operar\u00a0em \u00e1reas Florestais, Urbanas, Espa\u00e7os Verdes e\u00a0Praias. Dispomos de t\u00e9cnicos e m\u00e3o de obra especializada e comprometida com o\u00a0servi\u00e7o.\u00a0A empresa est\u00e1 preparada para atender clientes de pequeno, m\u00e9dio e grande porte,\u00a0oferecendo sempre uma solu\u00e7\u00e3o inteligente e econ\u00f3mica.<\/p>\n","protected":false},"author":1,"featured_media":0,"parent":0,"menu_order":0,"comment_status":"closed","ping_status":"closed","template":"","meta":{"_exactmetrics_skip_tracking":false,"_exactmetrics_sitenote_active":false,"_exactmetrics_sitenote_note":"","_exactmetrics_sitenote_category":0,"footnotes":""},"class_list":["post-35","page","type-page","status-publish","hentry","post"],"_links":{"self":[{"href":"https:\/\/ambinatura.com\/site\/wp-json\/wp\/v2\/pages\/35","targetHints":{"allow":["GET"]}}],"collection":[{"href":"https:\/\/ambinatura.com\/site\/wp-json\/wp\/v2\/pages"}],"about":[{"href":"https:\/\/ambinatura.com\/site\/wp-json\/wp\/v2\/types\/page"}],"author":[{"embeddable":true,"href":"https:\/\/ambinatura.com\/site\/wp-json\/wp\/v2\/users\/1"}],"replies":[{"embeddable":true,"href":"https:\/\/ambinatura.com\/site\/wp-json\/wp\/v2\/comments?post=35"}],"version-history":[{"count":5,"href":"https:\/\/ambinatura.com\/site\/wp-json\/wp\/v2\/pages\/35\/revisions"}],"predecessor-version":[{"id":245,"href":"https:\/\/ambinatura.com\/site\/wp-json\/wp\/v2\/pages\/35\/revisions\/245"}],"wp:attachment":[{"href":"https:\/\/ambinatura.com\/site\/wp-json\/wp\/v2\/media?parent=35"}],"curies":[{"name":"wp","href":"https:\/\/api.w.org\/{rel}","templated":true}]}}